{"id":1275,"date":"2024-04-13T17:55:42","date_gmt":"2024-04-13T15:55:42","guid":{"rendered":"http:\/\/www.crimoncalieri.it\/?page_id=1275"},"modified":"2024-10-23T21:54:38","modified_gmt":"2024-10-23T19:54:38","slug":"progetto-cuorematto","status":"publish","type":"page","link":"https:\/\/www.crimoncalieri.it\/?page_id=1275","title":{"rendered":"PROGETTO CUOREMATTO"},"content":{"rendered":"<div><\/div>\n<p>&nbsp;<\/p>\n<p><img loading=\"lazy\" decoding=\"async\" id=\"longdesc-return-1283\" longdesc=\"http:\/\/www.crimoncalieri.it?longdesc=1283&amp;referrer=1275\" src=\"http:\/\/www.crimoncalieri.it\/wp-content\/uploads\/2024\/04\/A7FBFBDA-B18E-40C5-80F8-8B9B540875C5.jpeg\" alt=\"\" width=\"1640\" height=\"924\" class=\"size-full wp-image-1283\" tabindex=\"-1\" srcset=\"https:\/\/www.crimoncalieri.it\/wp-content\/uploads\/2024\/04\/A7FBFBDA-B18E-40C5-80F8-8B9B540875C5.jpeg 1640w, https:\/\/www.crimoncalieri.it\/wp-content\/uploads\/2024\/04\/A7FBFBDA-B18E-40C5-80F8-8B9B540875C5-300x169.jpeg 300w, https:\/\/www.crimoncalieri.it\/wp-content\/uploads\/2024\/04\/A7FBFBDA-B18E-40C5-80F8-8B9B540875C5-1024x577.jpeg 1024w, https:\/\/www.crimoncalieri.it\/wp-content\/uploads\/2024\/04\/A7FBFBDA-B18E-40C5-80F8-8B9B540875C5-768x433.jpeg 768w, https:\/\/www.crimoncalieri.it\/wp-content\/uploads\/2024\/04\/A7FBFBDA-B18E-40C5-80F8-8B9B540875C5-1536x865.jpeg 1536w\" sizes=\"auto, (max-width: 1640px) 100vw, 1640px\" \/><\/p>\n<div><\/div>\n<div><\/div>\n<div id=\"yiv1442515231yMail_cursorElementTracker_1713009171727\">\n<p>Il <strong>Progetto CuoreMatto<\/strong>, avviato nel 2022 da <strong>Massimo Cortese<\/strong>, volontario della Croce Rossa Italiana di Moncalieri, e da sua moglie <strong>Silvia<\/strong>, continua a crescere con l&#8217;obiettivo di creare una rete di defibrillatori semiautomatici (DAE) in punti strategici della citt\u00e0 di Moncalieri. Questi dispositivi, situati in luoghi pubblici e facilmente accessibili, permettono interventi tempestivi in caso di arresto cardiaco, aumentando le possibilit\u00e0 di salvare vite umane.<\/p>\n<p>Parallelamente all\u2019installazione dei DAE, vengono organizzati incontri formativi per educare la popolazione al corretto utilizzo di questi dispositivi, garantendo che il soccorso possa essere rapido ed efficace.<\/p>\n<p>Il progetto nasce da un\u2019esperienza personale: <strong>Massimo<\/strong> fu salvato da un arresto cardiaco grazie a una perfetta catena di soccorso, che coinvolse non solo soccorritori qualificati, ma anche cittadini comuni formati sulle manovre di rianimazione. Questo evento ha spinto Massimo e Silvia a voler restituire quanto ricevuto, sviluppando il progetto CuoreMatto per proteggere altre vite nella comunit\u00e0.<\/p>\n<p>Il <strong>Comitato della Croce Rossa Italiana di Moncalieri<\/strong> ha da subito sposato il progetto, coinvolgendo la Pro Loco e l\u2019amministrazione cittadina per rendere Moncalieri una citt\u00e0 sempre pi\u00f9 cardio-protetta. Il progetto \u00e8 sostenuto da donazioni private e dal supporto economico della citt\u00e0, oltre al fondamentale lavoro dei volontari della Croce Rossa che si occupano della formazione della cittadinanza.<\/p>\n<p>Ad oggi, sono stati installati <strong>12 DAE<\/strong> in punti strategici del territorio moncalierese:<\/p>\n<ol>\n<li><strong>Farmacia Premi<\/strong>, Strada Carignano 72, Tetti Piatti<\/li>\n<li><strong>Farmacia Santa Maria<\/strong>, Corso Roma 24<\/li>\n<li><strong>Farmacia Moriondo<\/strong>, Strada Genova 264<\/li>\n<li><strong>PalaExpo<\/strong>, Piazza del Mercato (ingresso principale)<\/li>\n<li><strong>Biblioteca Renato Turletti<\/strong>, via Beria 26, Revigliasco<\/li>\n<li><strong>Centro Commerciale 45Nord<\/strong>, via Fortunato Postiglione 1 (lato cinema)<\/li>\n<li><strong>Arco di Borgo Navile<\/strong>, Piazza Caduti per la Libert\u00e0 15<\/li>\n<li><strong>Parco Vallere<\/strong>, Corso Trieste 98<\/li>\n<li><strong>Farmacia Castelvecchio<\/strong>, Strada Genova 193<\/li>\n<li><strong>Farmacia Superga<\/strong>, Corso Roma 24<\/li>\n<li><strong>Farmacia Magnani<\/strong>, Via Sestriere 30<\/li>\n<li><strong>Cimitero di Moncalieri<\/strong>, Strada Torino 45<\/li>\n<\/ol>\n<p>Il progetto CuoreMatto continua il suo percorso di espansione, puntando all\u2019installazione di nuovi DAE in altre zone della citt\u00e0 e alla manutenzione costante di quelli gi\u00e0 presenti. Inoltre, proseguir\u00e0 l\u2019attivit\u00e0 di formazione della popolazione sulle manovre salvavita e sul corretto utilizzo dei defibrillatori semiautomatici.<\/p>\n<\/div>\n<div id=\"yiv1442515231yMail_cursorElementTracker_1713009559835\">\n<div><\/div>\n<div id=\"attachment_1302\" style=\"width: 1650px\" class=\"wp-caption alignnone\"><img loading=\"lazy\" decoding=\"async\" aria-describedby=\"caption-attachment-1302\" id=\"longdesc-return-1302\" longdesc=\"http:\/\/www.crimoncalieri.it?longdesc=1302&amp;referrer=1275\" src=\"http:\/\/www.crimoncalieri.it\/wp-content\/uploads\/2024\/04\/00AA7921-C576-49A7-8089-3F1648F4E8F9.jpeg\" alt=\"\" width=\"1640\" height=\"924\" class=\"size-full wp-image-1302\" tabindex=\"-1\" srcset=\"https:\/\/www.crimoncalieri.it\/wp-content\/uploads\/2024\/04\/00AA7921-C576-49A7-8089-3F1648F4E8F9.jpeg 1640w, https:\/\/www.crimoncalieri.it\/wp-content\/uploads\/2024\/04\/00AA7921-C576-49A7-8089-3F1648F4E8F9-300x169.jpeg 300w, https:\/\/www.crimoncalieri.it\/wp-content\/uploads\/2024\/04\/00AA7921-C576-49A7-8089-3F1648F4E8F9-1024x577.jpeg 1024w, https:\/\/www.crimoncalieri.it\/wp-content\/uploads\/2024\/04\/00AA7921-C576-49A7-8089-3F1648F4E8F9-768x433.jpeg 768w, https:\/\/www.crimoncalieri.it\/wp-content\/uploads\/2024\/04\/00AA7921-C576-49A7-8089-3F1648F4E8F9-1536x865.jpeg 1536w\" sizes=\"auto, (max-width: 1640px) 100vw, 1640px\" \/><p id=\"caption-attachment-1302\" class=\"wp-caption-text\">ubicazioni DAE<\/p><\/div>\n<div><\/div>\n<\/div>\n","protected":false},"excerpt":{"rendered":"<p>&nbsp; Il Progetto CuoreMatto, avviato nel 2022 da Massimo Cortese, volontario della Croce Rossa Italiana di Moncalieri, e da sua moglie Silvia, continua a crescere con l&#8217;obiettivo di creare una rete di defibrillatori semiautomatici (DAE) in punti strategici della citt\u00e0 di Moncalieri. Questi dispositivi, situati in luoghi pubblici e facilmente [&hellip;]<\/p>\n","protected":false},"author":2,"featured_media":1282,"parent":0,"menu_order":0,"comment_status":"closed","ping_status":"closed","template":"","meta":{"give_campaign_id":0,"footnotes":""},"class_list":["post-1275","page","type-page","status-publish","has-post-thumbnail","hentry"],"campaignId":"","_links":{"self":[{"href":"https:\/\/www.crimoncalieri.it\/index.php?rest_route=\/wp\/v2\/pages\/1275","targetHints":{"allow":["GET"]}}],"collection":[{"href":"https:\/\/www.crimoncalieri.it\/index.php?rest_route=\/wp\/v2\/pages"}],"about":[{"href":"https:\/\/www.crimoncalieri.it\/index.php?rest_route=\/wp\/v2\/types\/page"}],"author":[{"embeddable":true,"href":"https:\/\/www.crimoncalieri.it\/index.php?rest_route=\/wp\/v2\/users\/2"}],"replies":[{"embeddable":true,"href":"https:\/\/www.crimoncalieri.it\/index.php?rest_route=%2Fwp%2Fv2%2Fcomments&post=1275"}],"version-history":[{"count":25,"href":"https:\/\/www.crimoncalieri.it\/index.php?rest_route=\/wp\/v2\/pages\/1275\/revisions"}],"predecessor-version":[{"id":1348,"href":"https:\/\/www.crimoncalieri.it\/index.php?rest_route=\/wp\/v2\/pages\/1275\/revisions\/1348"}],"wp:featuredmedia":[{"embeddable":true,"href":"https:\/\/www.crimoncalieri.it\/index.php?rest_route=\/wp\/v2\/media\/1282"}],"wp:attachment":[{"href":"https:\/\/www.crimoncalieri.it\/index.php?rest_route=%2Fwp%2Fv2%2Fmedia&parent=1275"}],"curies":[{"name":"wp","href":"https:\/\/api.w.org\/{rel}","templated":true}]}}