{"id":754,"date":"2021-06-14T13:45:16","date_gmt":"2021-06-14T11:45:16","guid":{"rendered":"http:\/\/192.168.254.16\/?page_id=754"},"modified":"2025-01-20T13:13:19","modified_gmt":"2025-01-20T12:13:19","slug":"inclusione-sociale","status":"publish","type":"page","link":"https:\/\/www.crimoncalieri.it\/?page_id=754","title":{"rendered":"Inclusione Sociale"},"content":{"rendered":"<p>Mettere al centro la persona significa curarne non solo il benessere fisico, ma anche il suo inserimento e la sua realizzazione nella societ\u00e0, creare le condizioni affinch\u00e8 possa esprimere se stessa e contribuire positivamente alla vita comune.<br \/>\nPartendo dal presupposto per cui ognuno \u00e8 una risorsa preziosa e nessuno deve rimanere escluso, CRI Moncalieri si adopera per portare aiuto ai pi\u00f9 vulnerabili in modo da tutelare sempre la dignit\u00e0 e il rispetto dell&#8217;individuo.<br \/>\nImportante il sostegno fornito alle famiglie indigenti sul territorio, l&#8217;attivit\u00e0 di Unit\u00e0 di Strada dedicata alle persone senza fissa dimora, il servizio di emergenza freddo, solo per citare alcune tra le attivit\u00e0 pi\u00f9 assidue del comitato.<br \/>\nIl motore di tutto \u00e8 l&#8217;Umanit\u00e0, il primo dei nostri sette Principi Fondamentali, alla quale facciamo appello ogni giorno per portare aiuto nel modo corretto, con garbo, apertura, sensibilit\u00e0.<\/p>\n","protected":false},"excerpt":{"rendered":"<p>Mettere al centro la persona significa curarne non solo il benessere fisico, ma anche il suo inserimento e la sua realizzazione nella societ\u00e0, creare le condizioni affinch\u00e8 possa esprimere se stessa e contribuire positivamente alla vita comune. Partendo dal presupposto per cui ognuno \u00e8 una risorsa preziosa e nessuno deve [&hellip;]<\/p>\n","protected":false},"author":1,"featured_media":925,"parent":0,"menu_order":0,"comment_status":"closed","ping_status":"closed","template":"","meta":{"give_campaign_id":0,"footnotes":""},"class_list":["post-754","page","type-page","status-publish","has-post-thumbnail","hentry"],"campaignId":"","_links":{"self":[{"href":"https:\/\/www.crimoncalieri.it\/index.php?rest_route=\/wp\/v2\/pages\/754","targetHints":{"allow":["GET"]}}],"collection":[{"href":"https:\/\/www.crimoncalieri.it\/index.php?rest_route=\/wp\/v2\/pages"}],"about":[{"href":"https:\/\/www.crimoncalieri.it\/index.php?rest_route=\/wp\/v2\/types\/page"}],"author":[{"embeddable":true,"href":"https:\/\/www.crimoncalieri.it\/index.php?rest_route=\/wp\/v2\/users\/1"}],"replies":[{"embeddable":true,"href":"https:\/\/www.crimoncalieri.it\/index.php?rest_route=%2Fwp%2Fv2%2Fcomments&post=754"}],"version-history":[{"count":5,"href":"https:\/\/www.crimoncalieri.it\/index.php?rest_route=\/wp\/v2\/pages\/754\/revisions"}],"predecessor-version":[{"id":1386,"href":"https:\/\/www.crimoncalieri.it\/index.php?rest_route=\/wp\/v2\/pages\/754\/revisions\/1386"}],"wp:featuredmedia":[{"embeddable":true,"href":"https:\/\/www.crimoncalieri.it\/index.php?rest_route=\/wp\/v2\/media\/925"}],"wp:attachment":[{"href":"https:\/\/www.crimoncalieri.it\/index.php?rest_route=%2Fwp%2Fv2%2Fmedia&parent=754"}],"curies":[{"name":"wp","href":"https:\/\/api.w.org\/{rel}","templated":true}]}}